?
2, 193, 613
What are the prime factors of 1804384?
2, 113, 499
What are the prime factors of 291585?
3, 5, 7, 2777
What are the prime factors of 291947?
137, 2131
What are the prime factors of 1132912?
2, 11, 41, 157
What are the prime factors of 14461057?
13, 1112389
List the prime factors of 104768.
2, 1637
What are the prime factors of 141434?
2, 70717
What are the prime factors of 4580413?
4580413
List the prime factors of 543995.
5, 108799
What are the prime factors of 228541?
449, 509
What are the prime factors of 1065965?
5, 213193
What are the prime factors of 3491968?
2, 27281
What are the prime factors of 3094951?
3094951
What are the prime factors of 1872482?
2, 17, 55073
List the prime factors of 3841551.
3, 7, 31, 281
What are the prime factors of 2221891?
7, 131, 2423
What are the prime factors of 249277?
7, 149, 239
List the prime factors of 11363366.
2, 7, 37, 21937
What are the prime factors of 42441687?
3, 19, 13063
List the prime factors of 14001121.
14001121
What are the prime factors of 288097?
19, 59, 257
List the prime factors of 14522.
2, 53, 137
What are the prime factors of 6072785?
5, 107, 11351
What are the prime factors of 11260155?
3, 5, 577, 1301
What are the prime factors of 631371?
3, 13, 16189
What are the prime factors of 3575453?
7, 443, 1153
List the prime factors of 373818.
2, 3, 62303
What are the prime factors of 15822772?
2, 7, 31, 18229
What are the prime factors of 836911?
29, 28859
List the prime factors of 511239.
3, 170413
What are the prime factors of 522532?
2, 130633
List the prime factors of 391164.
2, 3, 37, 881
List the prime factors of 442436.
2, 110609
List the prime factors of 837406.
2, 19, 22037
What are the prime factors of 12167120?
2, 5, 7, 21727
What are the prime factors of 536738?
2, 167, 1607
What are the prime factors of 54724?
2, 13681
List the prime factors of 961936.
2, 59, 1019
What are the prime factors of 166620?
2, 3, 5, 2777
What are the prime factors of 1504185?
3, 5, 100279
What are the prime factors of 1685043?
3, 71, 293
What are the prime factors of 31800183?
3, 17, 367, 1699
What are the prime factors of 486002?
2, 11, 22091
List the prime factors of 10746974.
2, 7, 109663
What are the prime factors of 1409435?
5, 281887
List the prime factors of 306331.
306331
List the prime factors of 380336.
2, 11, 2161
List the prime factors of 3875148.
2, 3, 53, 677
List the prime factors of 6477146.
2, 13, 37, 6733
List the prime factors of 2305699.
11, 179, 1171
List the prime factors of 206504.
2, 83, 311
List the prime factors of 34570.
2, 5, 3457
List the prime factors of 360739.
151, 2389
List the prime factors of 1686922.
2, 843461
List the prime factors of 1984127.
109, 167
What are the prime factors of 15978492?
2, 3, 147949
What are the prime factors of 1365776?
2, 85361
What are the prime factors of 853257?
3, 37, 7687
List the prime factors of 5709397.
5709397
What are the prime factors of 7485221?
19, 151, 2609
List the prime factors of 903131.
151, 5981
What are the prime factors of 1273583?
41, 31063
What are the prime factors of 195525?
3, 5, 11, 79
List the prime factors of 10080043.
47, 214469
What are the prime factors of 2537945?
5, 507589
What are the prime factors of 581679?
3, 7, 1319
What are the prime factors of 360206?
2, 7, 11, 2339
What are the prime factors of 119052?
2, 3, 3307
What are the prime factors of 148440?
2, 3, 5, 1237
What are the prime factors of 4125339?
3, 17, 59, 457
What are the prime factors of 2187936?
2, 3, 71, 107
What are the prime factors of 64782?
2, 3, 59, 61
List the prime factors of 2270656.
2, 17, 2087
List the prime factors of 1204331.
17, 70843
List the prime factors of 996629.
996629
List the prime factors of 151355.
5, 30271
List the prime factors of 5423718.
2, 3, 83, 10891
List the prime factors of 63237.
3, 107, 197
List the prime factors of 189571.
293, 647
What are the prime factors of 529732?
2, 7, 18919
List the prime factors of 248649.
3, 82883
List the prime factors of 21731349.
3, 773, 9371
What are the prime factors of 180534?
2, 3, 30089
What are the prime factors of 198594?
2, 3, 11, 17, 59
List the prime factors of 228398.
2, 114199
What are the prime factors of 1239869?
907, 1367
What are the prime factors of 7760808?
2, 3, 11, 41, 239
What are the prime factors of 624047?
624047
What are the prime factors of 26107369?
23, 1135103
List the prime factors of 16196602.
2, 37, 218873
What are the prime factors of 256212?
2, 3, 11, 647
List the prime factors of 146663.
11, 67, 199
List the prime factors of 306074.
2, 43, 3559
List the prime factors of 705258.
2, 3, 39181
What are the prime factors of 450543?
3, 179, 839
What are the prime factors of 209993?
7, 131, 229
List the prime factors of 11463541.
11463541
List the prime factors of 9896882.
2, 4948441
What are the prime factors of 365398?
2, 11, 17, 977
List the prime factors of 420258.
2, 3, 89, 787
List the prime factors of 1202911.
211, 5701
What are the prime factors of 137999?
137999
What are the prime factors of 244100?
2, 5, 2441
List the prime factors of 192837.
3, 64279
List the prime factors of 8218744.
2, 251, 4093
List the prime factors of 146868.
2, 3, 12239
What are the prime factors of 291744?
2, 3, 1013
What are the prime factors of 2827098?
2, 3, 157061
What are the prime factors of 14306470?
2, 5, 1430647
What are the prime factors of 197779?
197779
What are the prime factors of 216097?
7, 30871
List the prime factors of 358225.
5, 7, 23, 89
List the prime factors of 26252.
2, 6563
List the prime factors of 67424.
2, 7, 43
What are the prime factors of 811374?
2, 3, 271, 499
What are the prime factors of 672801?
3, 224267
What are the prime factors of 1124523?
3, 13883
What are the prime factors of 3980620?
2, 5, 7, 28433
List the prime factors of 376393.
376393
List the prime factors of 69797.
7, 13, 59
What are the prime factors of 6765570?
2, 3, 5, 7, 10739
List the prime factors of 55304.
2, 31, 223
What are the prime factors of 244190?
2, 5, 24419
List the prime factors of 22400.
2, 5, 7
What are the prime factors of 287366?
2, 53, 2711
List the prime factors of 28393914.
2, 3, 23, 61, 3373
List the prime factors of 305717.
305717
What are the prime factors of 874267?
874267
List the prime factors of 265211.
113, 2347
List the prime factors of 1117992.
2, 3, 37, 1259
What are the prime factors of 274076?
2, 11, 6229
List the prime factors of 289647.
3, 32183
What are the prime factors of 477821?
477821
What are the prime factors of 317681?
7, 13, 3491
List the prime factors of 176313.
3, 58771
List the prime factors of 2901446.
2, 409, 3547
List the prime factors of 1112350.
2, 5, 22247
What are the prime factors of 461417?
11, 41947
List the prime factors of 10173734.
2, 457, 11131
What are the prime factors of 17598301?
7, 51307
What are the prime factors of 175096?
2, 43, 509
What are the prime factors of 10131623?
10131623
What are the prime factors of 20676160?
2, 5, 64613
List the prime factors of 1867202.
2, 933601
What are the prime factors of 84376?
2, 53, 199
What are the prime factors of 728578?
2, 364289
What are the prime factors of 513349?
17, 30197
List the prime factors of 7647.
3, 2549
List the prime factors of 1826105.
5, 521, 701
List the prime factors of 373499.
7, 229, 233
List the prime factors of 3467094.
2, 3, 577849
List the prime factors of 9452525.
5, 378101
What are the prime factors of 1803746?
2, 7, 19, 6781
List the prime factors of 17312160.
2, 3, 5, 36067
List the prime factors of 599217.
3, 199739
What are the prime factors of 326363?
19, 89, 193
What are the prime factors of 225841?
7, 11, 419
What are the prime factors of 255945?
3, 5, 113, 151
List the prime factors of 9022777.
19, 587, 809
What are the prime factors of 181819?
11, 16529
List the prime factors of 181763.
181763
What are the prime factors of 6200808?
2, 3, 89, 2903
What are the prime factors of 3669208?
2, 458651
List the prime factors of 1159728.
2, 3, 37, 653
What are the prime factors of 301205?
5, 107, 563
What are the prime factors of 278421?
3, 11, 13, 59
List the prime factors of 208856.
2, 26107
What are the prime factors of 1781559?
3, 13, 15227
What are the prime factors of 5088799?
619, 8221
List the prime fa